 highest common divisor of h and f.
77
Suppose -3*u - 16 = -10. Let n be (81 - 17)*u/(-4). Calculate the greatest common factor of n and 48.
16
Let o(v) = -7*v**2 - 490*v + 504*v + 0*v**3 - v**3 + 18. Let x be o(-8). Let g = x - -60. What is the highest common factor of 3 and g?
3
Suppose -2*t - 2*m + 52 = 2*t, -m + 68 = 5*t. Let v = -21397 + 21439. Calculate the highest common divisor of t and v.
14
Suppose -120*c + 237*c + 4059 = 120*c. Calculate the greatest common divisor of c and 231.
33
Let o(i) = -i**3 - 4*i**2 + 16*i + 27. Let n be o(-6). Let w be 19 + -1 - (10 - (2 + n)). Calculate the greatest common divisor of 26 and w.
13
Let w be 110585/510 + (-5)/6. What is the highest common factor of w and 6183?
27
Suppose -5*i + 7034 = 2*a, -i + 2*a - 7*a = -1393. Suppose -y + 281 = -n, -5*y + 3*n = n - i. Calculate the highest common factor of 6 and y.
6
Suppose 0 = 3*t + 4*s - 56242, 2*t - 37484 = 154*s - 158*s. Calculate the greatest common divisor of 166 and t.
166
Let l(u) = -u - 15. Suppose -42 - 18 = 4*a. Let z be l(a). Suppose z = 2*v + 2, d + v = -3*v + 2. What is the highest common divisor of 48 and d?
6
Let m = 892 - 1266. Let k = m + 549. Let v = k + -98. Calculate the highest common factor of v and 11.
11
Suppose 0*o - 5*o = 3*k - 91, -o = 4*k - 93. Suppose -k*q + 15 = -23*q. Let s be 3*(4 - 290/q). Calculate the greatest common factor of s and 5.
5
Let a(h) = h**3 - 60*h**2 + 283*h - 50. Let m be a(55). What is the highest common divisor of m and 20?
10
Suppose 3*o - 2*q = 1600, 0 = -2*o - 2*o + q + 2140. Let s = o + -492. Let a = 15 + -11. Calculate the highest common divisor of a and s.
4
Let j(b) = 10*b + 196. Let u = -193 + 174. Let l be j(u). Suppose 0 = t - 4, -2*f = -2*t + 1 + 3. What is the greatest common factor of f and l?
2
Let x(t) = -2*t + 25. Let i be x(12). Let z be (0 + -4 + 3)*i. Let y(r) = 7*r**2 + 3*r + 3. Let w be y(z). Calculate the highest common factor of 42 and w.
7
Suppose -200*z = -199*z + 10. Let i be (-2916)/(-14) + z/35. Calculate the highest common factor of 39 and i.
13
Let s(p) = -p + 3. Let r be s(4). Let o be 14*r*(-15)/6. Let w be (4375/100)/(65/208). Calculate the greatest common divisor of o and w.
35
Let g(h) = -h**3 + 16*h**2 + 829*h - 70. Let v be g(-22). What is the greatest common factor of 2492 and v?
28
Let r = -2237 + 2249. What is the highest common factor of 1848 and r?
12
Suppose 7381 = -10*m + 1251. Let k = -511 - m. Calculate the highest common factor of k and 68.
34
Let n(c) = -23*c**3 + 28*c**2 - 23*c - 77. Let j be n(-12). Calculate the greatest common divisor of j and 25.
25
Let w(t) = 144*t + 14. Let f be w(0). Let n be -4 - (-326 + (-3 - -3)). What is the greatest common factor of f and n?
14
Suppose -15*t + 3377 = -253. Let o = t + -206. Calculate the greatest common factor of o and 84.
12
Suppose -124*c = -121*c - 1716. Let l(k) = 48*k + 210. Let b be l(-3). What is the greatest common factor of c and b?
22
Suppose -m - 4*s + 72 = 0, -52 = 2*m - 3*s - 152. What is the highest common divisor of m and 16408?
56
Let l(t) = -15*t**2 + 18*t**2 - 55 + 3 - 1 + 6*t. Let g be l(-14). Let u be -2 + 44 + 2/(-2). Calculate the highest common divisor of g and u.
41
Suppose 3*p - 15 = 2*p. Let w be 2/10 + 24/5 + 8. Suppose 0 = w*v - 251 + 56. Calculate the greatest common factor of v and p.
15
Let g(y) = 1689*y - 7044. Let h be g(13). What is the highest common divisor of 18 and h?
9
Let w be (761/(-2) - 2)*(-24)/15*1. What is the greatest common divisor of w and 697?
17
Let z = -13 - -25. Suppose 2*g + 2*g = -2*n + 60, -3*g - 5*n = -45. Suppose 0 = -5*c - 0 + g. What is the greatest common factor of c and z?
3
Let a be (6/7)/((-1)/(-105)). Let l = 5 + 697. Let f = l + -684. What is the greatest common divisor of a and f?
18
Let g be ((-420)/24 - -19)*10/3. Let v be (1 + -4)/((-3)/2). Suppose -g*s = -v*s - 33. What is the highest common factor of s and 1?
1
Let i be 0*1/3 - -11. Let y(p) = p**2 - 10*p + 6. Let q be y(i). Suppose -323 = -17*v - 2*v. What is the greatest common divisor of q and v?
17
Suppose -63*m + 116436 = -13155. Calculate the greatest common factor of m and 1870.
187
Suppose -139*x + 19429 = -30055. What is the greatest common factor of 1602 and x?
178
Let q be (-286)/(-6) - (-2)/(-3). Let i be (-3)/2*3172/(-183). Let d = q - i. Calculate the highest common divisor of d and 42.
21
Let w(u) = 6*u**3 - 17*u**2 + 39*u - 88. Let g be w(12). What is the greatest common factor of 50 and g?
50
Let j(r) = -15*r + 16. Let w be j(-13). Let q = w - 17. Suppose 0*l - l - 2*v + 50 = 0, -4*v = -5*l + q. What is the highest common divisor of l and 42?
42
Let n(i) = -i**3 - i**2 - 36*i + 459. Let h be n(0). Calculate the highest common divisor of 189 and h.
27
Let f be ((-16)/4)/(2/(-11)). Let v(q) = -q**2 - 14*q - 37. Let r be v(-5). Let n be (-2 + r/6)*132/(-8). Calculate the highest common factor of n and f.
11
Let j(d) be the third derivative of d**5/60 + 3*d**4/4 - 101*d**3/6 + 16*d**2. Let h be j(-23). Calculate the greatest common divisor of h and 28.
14
Suppose -11*g - 1573 - 3597 = 0. Let l = -330 - g. What is the highest common factor of 14 and l?
14
Let a be -1*(5 - 11 - 44). Suppose 77*t - 76*t - a = 0. Calculate the greatest common factor of 20 and t.
10
Let r(m) = -m**3 - 3*m**2 - 4*m + 40. Let j be r(0). Let h = 435 + j. Calculate the greatest common factor of h and 25.
25
Let p(y) = 50*y**3 + 92*y**2 + 5*y - 25. Let m be p(5). Calculate the greatest common divisor of m and 54.
18
Let y be (1 - -6 - 6) + 1. Let u be (-39)/(-13) - (-82 - (y + 1)). Calculate the highest common factor of 22 and u.
22
Let i = 16596 - 15896. What is the greatest common divisor of 126 and i?
14
Let j(o) = 4 - 32*o**2 + 7*o - 2*o + 31*o**2. Let t be j(0). Calculate the greatest common factor of 22 and t.
2
Let k = -459 + 467. Let l(t) = t**2 - 7*t - 22. Let z be l(10). What is the greatest common divisor of z and k?
8
Let a(f) = 5*f**2 - f - 5. Let m be a(-2). Let s be (-12)/9*9/(-2). Suppose z - m = -s. What is the highest common factor of z and 44?
11
Let p be 32/(-14) + 101875/1141. Calculate the greatest common factor of p and 10527.
87
Let u(k) = -2*k**2 - 6*k + 10. Let i be u(2). Let m be ((-64)/80)/(4/i). Suppose -5*p + 210 = m*p. Calculate the greatest common factor of p and 20.
10
Let h(s) = 196*s + 8233. Let n be h(-42). What is the greatest common divisor of 101 and n?
1
Suppose 529*p = 482*p + 274856. What is the highest common factor of 34 and p?
34
Let g be (15/(-4))/(3/(-4)). Suppose -16 + 23 = b + g*n, -2*b = 2*n - 38. What is the highest common factor of b and 77?
11
Let l = -4 - -2. Let b be ((-93)/124)/(l/24). What is the highest common factor of b and 45?
9
Let r be 14/3 + 3*(110/99)/10. Calculate the highest common divisor of 10 and r.
5
Let n(f) = -f**3 - 24*f**2 + f - 18. Let g be n(-24). Let v = 14 + g. Let i = v - -61. Calculate the highest common factor of i and 11.
11
Let z(y) = -15*y**2 - 47*y. Let x be z(-3). Suppose 4*g = -2*n + 1268, 2*g - 618 = x*n - 3*n. Calculate the highest common factor of g and 45.
45
Let i(a) = 7*a**2 + 372*a + 709. Let t be i(-65). What is the highest common factor of t and 168?
56
Suppose -5*d - 94 = -354. Let a(s) = 22*s - 1. Let x be a(3). Calculate the greatest common divisor of d and x.
13
Let x = 12154 - 12140. Suppose i + 342 = 4*t - 166, -3*i + 366 = 3*t. What is the highest common factor of t and x?
14
Let o = 7687 + -7447. What is the highest common divisor of 740 and o?
20
Suppose 2*j = -4*l + 28, -5*l - 4*j + 5 = -27. What is the greatest common divisor of l and 13008?
8
Suppose -20*z - 1675 = -17*z - 4795. Calculate the greatest common factor of 140 and z.
20
Let c = -41 - -77. Let q = 83065 - 83056. What is the highest common divisor of c and q?
9
Let s(x) = -x**3 - 7*x**2 + 4*x + 10. Let v be s(-8). Let r = 23 + -1. Let d = -16 + r. What is the greatest common divisor of v and d?
6
Suppose -5*n + 1067 - 5507 = 0. Let z = -877 - n. What is the highest common factor of 869 and z?
11
Let a(i) = 295*i**2 - 404*i + 808. Let n be a(2). What is the greatest common divisor of n and 3776?
236
Let i = -94 + 336. Let d = 61 + -19. Suppose d = -2*b + 86. Calculate the highest common factor of i and b.
22
Suppose 164*v = 363*v - 1